{"id":15,"date":"2023-01-05T20:08:19","date_gmt":"2023-01-05T19:08:19","guid":{"rendered":"http:\/\/piw.gniezno.pl\/?page_id=15"},"modified":"2025-09-15T12:43:31","modified_gmt":"2025-09-15T10:43:31","slug":"informacje","status":"publish","type":"page","link":"https:\/\/piw.gniezno.pl\/?page_id=15","title":{"rendered":"Informacje"},"content":{"rendered":"\t\t<div data-elementor-type=\"wp-page\" data-elementor-id=\"15\" class=\"elementor elementor-15\">\n\t\t\t\t<div class=\"elementor-element elementor-element-30034551 e-flex e-con-boxed e-con e-parent\" data-id=\"30034551\" data-element_type=\"container\">\n\t\t\t\t\t<div class=\"e-con-inner\">\n\t\t\t\t<div class=\"elementor-element elementor-element-375c9d16 elementor-widget elementor-widget-text-editor\" data-id=\"375c9d16\" data-element_type=\"widget\" data-widget_type=\"text-editor.default\">\n\t\t\t\t<div class=\"elementor-widget-container\">\n\t\t\t\t\t\t\t\t\t\n<p class=\"has-medium-font-size\"><strong>Powiatowy Inspektorat Weterynarii w Gnie\u017anie<\/strong><\/p>\n\n<p class=\"has-medium-font-size\"><strong>ul. Kiszkowska 8 \u00a0\u00a0\u00a0\u00a0\u00a0\u00a0\u00a062-200 Gniezno<\/strong><\/p>\n\n<p class=\"has-medium-font-size\"><strong>tel.\/fax: (61) 426-46-04 \u00a0\u00a0\u00a0tel. kom. 695 950 038<\/strong><\/p>\n\n<p class=\"has-medium-font-size\"><strong>NIP: <strong>784-19-94-014<\/strong><br \/><strong>REGON:\u00a0\u00a0\u00a0 631276305<\/strong><\/strong><\/p>\n<hr class=\"wp-block-separator has-alpha-channel-opacity is-style-wide\" \/>\n<p class=\"has-ast-global-color-0-color has-text-color has-medium-font-size\"><strong>Poczta<\/strong> <strong>e-mail: <a href=\"mailto:piwgniezno@wiw.poznan.pl\">piwgniezno@wiw.poznan.pl<\/a> \u00a0\u00a0<\/strong><\/p>\n\n<p class=\"has-ast-global-color-0-color has-text-color has-medium-font-size\"><strong>Strona www: <a href=\"https:\/\/www.piw.gniezno.pl\">piw.gniezno.pl<\/a><\/strong><\/p>\n\n<p class=\"has-ast-global-color-0-color has-text-color has-medium-font-size\"><strong>Elektroniczna skrzynka podawcza (ESP):<\/strong> <strong>\u00a0 \/piwgniezno1\/skrytka<\/strong><\/p>\n\n<p class=\"has-ast-global-color-0-color has-text-color has-medium-font-size\"><strong>Adres<\/strong> <strong>E-dor\u0119czenia<\/strong> <strong>AE:PL-22962-79733-CHUAD-17<\/strong><\/p>\n\n<div class=\"wp-block-uagb-call-to-action uagb-block-9b9a5e49 wp-block-button\">\n<div class=\"uagb-cta__wrap\">\n<h5 class=\"uagb-cta__title\">E-dor\u0119czenia &#8211; informacja<\/h5>\n<p class=\"uagb-cta__desc\"><strong>e-Dor\u0119czenia to elektroniczny odpowiednik listu poleconego za potwierdzeniem odbioru.<\/strong><\/p>\n<\/div>\n<div class=\"uagb-cta__buttons\"><a class=\"uagb-cta__button-link-wrapper wp-block-button__link\" href=\"\/\/www.gov.pl\/web\/e-doreczenia\/czym-sa-e-doreczenia\" target=\"_blank\" rel=\"noopener noreferrer\">Czytaj&#8230;<\/a><\/div>\n<\/div>\n<hr class=\"wp-block-separator has-alpha-channel-opacity is-style-wide\" \/>\n<p class=\"has-text-align-left has-medium-font-size\"><strong>Godziny pracy Urz\u0119du:<\/strong><br \/><strong>poniedzia\u0142ek \u00a0 \u00a0\u00a0 \u00a0\u00a0 godz. 7.00 &#8211; 18.00<\/strong><br \/><strong>wtorek\u00a0 &#8211; pi\u0105tek\u00a0\u00a0\u00a0 godz. 7.00 &#8211; 15.00<\/strong><\/p>\n\n<p class=\"has-medium-font-size\"><span style=\"color: #3366ff;\"><strong>Telefony do kontaktu po godz. 15:00 oraz w dni ustawowo wolne od pracy: 695 950 037<\/strong><\/span><\/p>\n\n<p class=\"has-medium-font-size\"><strong>W przypadkach nag\u0142ych:<\/strong> jak zg\u0142oszenie podejrzenia choroby zaka\u017anej zwierz\u0105t (np. ASF lub Grypa Ptak\u00f3w), zg\u0142oszenie dzia\u0142alno\u015bci nielegalnej, zg\u0142oszenie pad\u0142ych dzik\u00f3w lub inne podejrzenie choroby zaka\u017anej.<\/p>\n\n<p class=\"has-medium-font-size\"><strong>Pad\u0142e zwierz\u0119ta le\u015bne lub dzikie<\/strong>: prosimy zg\u0142asza\u0107 do Jednostek odpowiedzialnych -za wyj\u0105tkiem pad\u0142ych dzik\u00f3w.<\/p>\n\n<p class=\"has-medium-font-size\"><strong>Zwierz\u0119ta dzikie na terenie posesji lub zabudowa\u0144 mieszkalnych i gospodarstw<\/strong> \u2013 prosimy zg\u0142asza\u0107 do Jednostek odpowiedzialnych (konieczno\u015b\u0107 od\u0142owu).<\/p>\n\n<p class=\"has-medium-font-size\"><strong>Problemy zdrowotne zwierz\u0105t towarzysz\u0105cych (psy, koty, inne zwierz\u0119ta trzymane hobbystycznie w domach)<\/strong> \u2013 prosimy kontaktowa\u0107 si\u0119 z lecznicami dla zwierz\u0105t.<\/p>\n\n<p>\u00a0<\/p>\n\n<h1 class=\"wp-block-heading has-medium-font-size\">Skargi i Wnioski <br \/><strong>Wnioski przyjmowane s\u0105 codziennie w godzinach 7.00 \u2013 15.00.<\/strong> <br \/><strong>Powiatowy Lekarz Weterynarii przyjmuje w sprawach skarg w poniedzia\u0142ki w godzinach 14.00 \u2013 15.00.<\/strong><\/h1>\n\t\t\t\t\t\t\t\t<\/div>\n\t\t\t\t<\/div>\n\t\t\t\t\t<\/div>\n\t\t\t\t<\/div>\n\t\t\t\t<\/div>\n\t\t","protected":false},"excerpt":{"rendered":"<p>Powiatowy Inspektorat Weterynarii w Gnie\u017anie ul. Kiszkowska 8 \u00a0\u00a0\u00a0\u00a0\u00a0\u00a0\u00a062-200 Gniezno tel.\/fax: (61) 426-46-04 \u00a0\u00a0\u00a0tel. kom. 695 950 038 NIP: 784-19-94-014REGON:\u00a0\u00a0\u00a0 631276305 Poczta e-mail: piwgniezno@wiw.poznan.pl \u00a0\u00a0 Strona www: piw.gniezno.pl Elektroniczna skrzynka podawcza (ESP): \u00a0 \/piwgniezno1\/skrytka Adres E-dor\u0119czenia AE:PL-22962-79733-CHUAD-17 Godziny pracy Urz\u0119du:poniedzia\u0142ek \u00a0 \u00a0\u00a0 \u00a0\u00a0 godz. 7.00 &#8211; 18.00wtorek\u00a0 &#8211; pi\u0105tek\u00a0\u00a0\u00a0 godz. 7.00 &#8211; 15.00 Telefony do [&hellip;]<\/p>\n","protected":false},"author":1,"featured_media":0,"parent":0,"menu_order":0,"comment_status":"closed","ping_status":"closed","template":"","meta":{"_uag_custom_page_level_css":"","site-sidebar-layout":"default","site-content-layout":"","ast-site-content-layout":"default","site-content-style":"default","site-sidebar-style":"default","ast-global-header-display":"","ast-banner-title-visibility":"","ast-main-header-display":"","ast-hfb-above-header-display":"","ast-hfb-below-header-display":"","ast-hfb-mobile-header-display":"","site-post-title":"","ast-breadcrumbs-content":"","ast-featured-img":"","footer-sml-layout":"","ast-disable-related-posts":"","theme-transparent-header-meta":"","adv-header-id-meta":"","stick-header-meta":"","header-above-stick-meta":"","header-main-stick-meta":"","header-below-stick-meta":"","astra-migrate-meta-layouts":"set","ast-page-background-enabled":"default","ast-page-background-meta":{"desktop":{"background-color":"var(--ast-global-color-4)","background-image":"","background-repeat":"repeat","background-position":"center center","background-size":"auto","background-attachment":"scroll","background-type":"","background-media":"","overlay-type":"","overlay-color":"","overlay-opacity":"","overlay-gradient":""},"tablet":{"background-color":"","background-image":"","background-repeat":"repeat","background-position":"center center","background-size":"auto","background-attachment":"scroll","background-type":"","background-media":"","overlay-type":"","overlay-color":"","overlay-opacity":"","overlay-gradient":""},"mobile":{"background-color":"","background-image":"","background-repeat":"repeat","background-position":"center center","background-size":"auto","background-attachment":"scroll","background-type":"","background-media":"","overlay-type":"","overlay-color":"","overlay-opacity":"","overlay-gradient":""}},"ast-content-background-meta":{"desktop":{"background-color":"var(--ast-global-color-5)","background-image":"","background-repeat":"repeat","background-position":"center center","background-size":"auto","background-attachment":"scroll","background-type":"","background-media":"","overlay-type":"","overlay-color":"","overlay-opacity":"","overlay-gradient":""},"tablet":{"background-color":"var(--ast-global-color-5)","background-image":"","background-repeat":"repeat","background-position":"center center","background-size":"auto","background-attachment":"scroll","background-type":"","background-media":"","overlay-type":"","overlay-color":"","overlay-opacity":"","overlay-gradient":""},"mobile":{"background-color":"var(--ast-global-color-5)","background-image":"","background-repeat":"repeat","background-position":"center center","background-size":"auto","background-attachment":"scroll","background-type":"","background-media":"","overlay-type":"","overlay-color":"","overlay-opacity":"","overlay-gradient":""}},"footnotes":""},"class_list":["post-15","page","type-page","status-publish","hentry"],"uagb_featured_image_src":{"full":false,"thumbnail":false,"medium":false,"medium_large":false,"large":false,"1536x1536":false,"2048x2048":false},"uagb_author_info":{"display_name":"Darek","author_link":"https:\/\/piw.gniezno.pl\/?author=1"},"uagb_comment_info":0,"uagb_excerpt":"Powiatowy Inspektorat Weterynarii w Gnie\u017anie ul. Kiszkowska 8 \u00a0\u00a0\u00a0\u00a0\u00a0\u00a0\u00a062-200 Gniezno tel.\/fax: (61) 426-46-04 \u00a0\u00a0\u00a0tel. kom. 695 950 038 NIP: 784-19-94-014REGON:\u00a0\u00a0\u00a0 631276305 Poczta e-mail: piwgniezno@wiw.poznan.pl \u00a0\u00a0 Strona www: piw.gniezno.pl Elektroniczna skrzynka podawcza (ESP): \u00a0 \/piwgniezno1\/skrytka Adres E-dor\u0119czenia AE:PL-22962-79733-CHUAD-17 Godziny pracy Urz\u0119du:poniedzia\u0142ek \u00a0 \u00a0\u00a0 \u00a0\u00a0 godz. 7.00 &#8211; 18.00wtorek\u00a0 &#8211; pi\u0105tek\u00a0\u00a0\u00a0 godz. 7.00 &#8211; 15.00 Telefony do&hellip;","_links":{"self":[{"href":"https:\/\/piw.gniezno.pl\/index.php?rest_route=\/wp\/v2\/pages\/15","targetHints":{"allow":["GET"]}}],"collection":[{"href":"https:\/\/piw.gniezno.pl\/index.php?rest_route=\/wp\/v2\/pages"}],"about":[{"href":"https:\/\/piw.gniezno.pl\/index.php?rest_route=\/wp\/v2\/types\/page"}],"author":[{"embeddable":true,"href":"https:\/\/piw.gniezno.pl\/index.php?rest_route=\/wp\/v2\/users\/1"}],"replies":[{"embeddable":true,"href":"https:\/\/piw.gniezno.pl\/index.php?rest_route=%2Fwp%2Fv2%2Fcomments&post=15"}],"version-history":[{"count":29,"href":"https:\/\/piw.gniezno.pl\/index.php?rest_route=\/wp\/v2\/pages\/15\/revisions"}],"predecessor-version":[{"id":1323,"href":"https:\/\/piw.gniezno.pl\/index.php?rest_route=\/wp\/v2\/pages\/15\/revisions\/1323"}],"wp:attachment":[{"href":"https:\/\/piw.gniezno.pl\/index.php?rest_route=%2Fwp%2Fv2%2Fmedia&parent=15"}],"curies":[{"name":"wp","href":"https:\/\/api.w.org\/{rel}","templated":true}]}}